{"id":104651,"date":"2021-09-30T18:35:47","date_gmt":"2021-09-30T13:05:47","guid":{"rendered":"https:\/\/git-staging.wpastra.com\/?post_type=docs&#038;p=104651"},"modified":"2021-10-05T14:52:21","modified_gmt":"2021-10-05T09:22:21","slug":"product-count-color","status":"publish","type":"docs","link":"https:\/\/git-staging.wpastra.com\/es\/docs\/product-count-color\/","title":{"rendered":"\u00bfQu\u00e9 hacer cuando el recuento de productos no es visible en el minicarro con Astra Pro?"},"content":{"rendered":"<p>\u00bfHa notado que el recuento de productos en WooCommerce o EDD mini carrito en su cabecera no es visible? Es posible que tenga que modificar el Color del recuento de productos para los iconos de su mini carrito Astra Pro (cualquiera menos el predeterminado). Este documento le mostrar\u00e1 c\u00f3mo hacerlo.<\/p>\n\n\n\n<h2 class=\"wp-block-heading\">\u00bfPor qu\u00e9 ha ocurrido esto?&nbsp;<\/h2>\n\n\n\n<p>Los m\u00f3dulos Astra Pro WooCommerce y EDD traen la opci\u00f3n de cambiar el icono por defecto del mini carrito. Puede establecer uno de los iconos Astra Pro navegando hasta el elemento Mini Cart Header (pesta\u00f1a General).<\/p>\n\n\n\n<figure class=\"wp-block-image size-full\"><a href=\"https:\/\/git-staging.wpastra.com\/wp-content\/uploads\/2021\/09\/ast-pro-3-6-mini-cart.png\"><img fetchpriority=\"high\" decoding=\"async\" width=\"1366\" height=\"786\" src=\"https:\/\/git-staging.wpastra.com\/wp-content\/uploads\/2021\/09\/ast-pro-3-6-mini-cart.png\" alt=\"Mini Cart With Astra Pro\" class=\"wp-image-104655\" srcset=\"https:\/\/git-staging.wpastra.com\/wp-content\/uploads\/2021\/09\/ast-pro-3-6-mini-cart.png 1366w, https:\/\/git-staging.wpastra.com\/wp-content\/uploads\/2021\/09\/ast-pro-3-6-mini-cart-300x173.png 300w, https:\/\/git-staging.wpastra.com\/wp-content\/uploads\/2021\/09\/ast-pro-3-6-mini-cart-1024x589.png 1024w, https:\/\/git-staging.wpastra.com\/wp-content\/uploads\/2021\/09\/ast-pro-3-6-mini-cart-768x442.png 768w\" sizes=\"(max-width: 1366px) 100vw, 1366px\" \/><\/a><\/figure>\n\n\n\n<p>Por defecto, el color de la fuente para el n\u00famero de art\u00edculos en el carrito (Product Count) es blanco. Si el color del carro tambi\u00e9n es blanco, el n\u00famero de art\u00edculos se volver\u00e1 invisible, aunque el n\u00famero siga estando ah\u00ed (color blanco sobre color blanco).<\/p>\n\n\n\n<figure class=\"wp-block-image size-full\"><a href=\"https:\/\/git-staging.wpastra.com\/wp-content\/uploads\/2021\/09\/ast-pro-3-6-product-count-not-visible.png\"><img decoding=\"async\" width=\"1366\" height=\"786\" src=\"https:\/\/git-staging.wpastra.com\/wp-content\/uploads\/2021\/09\/ast-pro-3-6-product-count-not-visible.png\" alt=\"Product Count Is Not Visible on Mini Cart\" class=\"wp-image-104654\" srcset=\"https:\/\/git-staging.wpastra.com\/wp-content\/uploads\/2021\/09\/ast-pro-3-6-product-count-not-visible.png 1366w, https:\/\/git-staging.wpastra.com\/wp-content\/uploads\/2021\/09\/ast-pro-3-6-product-count-not-visible-300x173.png 300w, https:\/\/git-staging.wpastra.com\/wp-content\/uploads\/2021\/09\/ast-pro-3-6-product-count-not-visible-1024x589.png 1024w, https:\/\/git-staging.wpastra.com\/wp-content\/uploads\/2021\/09\/ast-pro-3-6-product-count-not-visible-768x442.png 768w\" sizes=\"(max-width: 1366px) 100vw, 1366px\" \/><\/a><\/figure>\n\n\n\n<p>Esto se soluciona f\u00e1cilmente estableciendo el Color de recuento del producto en cualquier color que no sea blanco.<\/p>\n\n\n\n<h2 class=\"wp-block-heading\">\u00bfC\u00f3mo definir el color del recuento de productos?<\/h2>\n\n\n\n<p>En este caso, deber\u00e1 establecer adicionalmente otro color para el n\u00famero de elementos utilizando la opci\u00f3n \"Color de recuento\".<\/p>\n\n\n\n<p>El \"Color de recuento\" est\u00e1 disponible con el Addon Astra Pro desde la versi\u00f3n 3.5.9. Puede configurarlo siguiendo estos pasos:<br><br><strong>Primer paso<\/strong> - Inicie sesi\u00f3n en su sitio web y aseg\u00farese de que el complemento Astra Pro est\u00e1 activo;<\/p>\n\n\n\n<p><strong>Paso 2<\/strong> - Vaya a <em>Apariencia &gt; Personalizar &gt; Constructor de cabecera &gt; Carrito &gt; Dise\u00f1o<\/em>;<\/p>\n\n\n\n<p><strong>Paso 3<\/strong> - Cambie el \"Color del recuento\" a otro color. Haga clic en \"Publicar\" para guardar los cambios.<\/p>\n\n\n\n<figure class=\"wp-block-image size-full\"><a href=\"https:\/\/git-staging.wpastra.com\/wp-content\/uploads\/2021\/09\/ast-pro-3-6-count-color-settings.png\"><img decoding=\"async\" width=\"1366\" height=\"786\" src=\"https:\/\/git-staging.wpastra.com\/wp-content\/uploads\/2021\/09\/ast-pro-3-6-count-color-settings.png\" alt=\"Product Count Color\" class=\"wp-image-104653\" srcset=\"https:\/\/git-staging.wpastra.com\/wp-content\/uploads\/2021\/09\/ast-pro-3-6-count-color-settings.png 1366w, https:\/\/git-staging.wpastra.com\/wp-content\/uploads\/2021\/09\/ast-pro-3-6-count-color-settings-300x173.png 300w, https:\/\/git-staging.wpastra.com\/wp-content\/uploads\/2021\/09\/ast-pro-3-6-count-color-settings-1024x589.png 1024w, https:\/\/git-staging.wpastra.com\/wp-content\/uploads\/2021\/09\/ast-pro-3-6-count-color-settings-768x442.png 768w\" sizes=\"(max-width: 1366px) 100vw, 1366px\" \/><\/a><\/figure>","protected":false},"excerpt":{"rendered":"<p>\u00bfHa notado que el recuento de productos en WooCommerce o EDD mini carrito en su cabecera no es visible? Es posible que tenga que modificar el color del recuento de productos para los iconos de su mini carrito Astra Pro (cualquiera menos el predeterminado). Este documento le mostrar\u00e1 c\u00f3mo hacerlo. \u00bfPor qu\u00e9 ocurre esto?  Astra Pro WooCommerce [...]<\/p>","protected":false},"author":70,"featured_media":0,"comment_status":"open","ping_status":"closed","template":"","meta":{"_uag_custom_page_level_css":"","site-sidebar-layout":"default","site-content-layout":"default","ast-site-content-layout":"","site-content-style":"default","site-sidebar-style":"default","ast-global-header-display":"","ast-banner-title-visibility":"","ast-main-header-display":"","ast-hfb-above-header-display":"","ast-hfb-below-header-display":"","ast-hfb-mobile-header-display":"","site-post-title":"","ast-breadcrumbs-content":"","ast-featured-img":"","footer-sml-layout":"","theme-transparent-header-meta":"default","adv-header-id-meta":"","stick-header-meta":"","header-above-stick-meta":"","header-main-stick-meta":"","header-below-stick-meta":"","astra-migrate-meta-layouts":"default","ast-page-background-enabled":"default","ast-page-background-meta":{"desktop":{"background-color":"","background-image":"","background-repeat":"repeat","background-position":"center center","background-size":"auto","background-attachment":"scroll","background-type":"","background-media":"","overlay-type":"","overlay-color":"","overlay-opacity":"","overlay-gradient":""},"tablet":{"background-color":"","background-image":"","background-repeat":"repeat","background-position":"center center","background-size":"auto","background-attachment":"scroll","background-type":"","background-media":"","overlay-type":"","overlay-color":"","overlay-opacity":"","overlay-gradient":""},"mobile":{"background-color":"","background-image":"","background-repeat":"repeat","background-position":"center center","background-size":"auto","background-attachment":"scroll","background-type":"","background-media":"","overlay-type":"","overlay-color":"","overlay-opacity":"","overlay-gradient":""}},"ast-content-background-meta":{"desktop":{"background-color":"var(--ast-global-color-5)","background-image":"","background-repeat":"repeat","background-position":"center center","background-size":"auto","background-attachment":"scroll","background-type":"","background-media":"","overlay-type":"","overlay-color":"","overlay-opacity":"","overlay-gradient":""},"tablet":{"background-color":"var(--ast-global-color-5)","background-image":"","background-repeat":"repeat","background-position":"center center","background-size":"auto","background-attachment":"scroll","background-type":"","background-media":"","overlay-type":"","overlay-color":"","overlay-opacity":"","overlay-gradient":""},"mobile":{"background-color":"var(--ast-global-color-5)","background-image":"","background-repeat":"repeat","background-position":"center center","background-size":"auto","background-attachment":"scroll","background-type":"","background-media":"","overlay-type":"","overlay-color":"","overlay-opacity":"","overlay-gradient":""}},"footnotes":""},"docs_category":[1598,148],"docs_tag":[],"class_list":{"0":"post-104651","1":"docs","2":"type-docs","3":"status-publish","5":"docs_category-troubleshooting","6":"docs_category-woo"},"spectra_custom_meta":{"wp_last_modified_info":["October 5, 2021 @ 2:52 PM"],"wplmi_shortcode":["[lmt-post-modified-info]"],"_edit_lock":["1685898009:86"],"_edit_last":["70"],"tap_disable_autolinker":["no"],"tap_autolink_inside_heading":["global"],"tap_autolink_random_placement":["global"],"tap_post_autolinker_limit":["0"],"site-sidebar-layout":["default"],"site-content-layout":["default"],"theme-transparent-header-meta":["default"],"_yoast_wpseo_content_score":["90"],"_yoast_wpseo_estimated-reading-time-minutes":["2"],"views":["12542"],"helpful":["5"],"unhelpful":["9"],"redirects":["7"],"_yoast_wpseo_primary_docs_category":["148"],"_yoast_wpseo_focuskw":["Product Count Color"],"_yoast_wpseo_title":["What To Do When Product Count Is Not Visible on Mini Cart?"],"_yoast_wpseo_metadesc":["Is product count not visible on your WooCommerce or EDD mini cart? Learn how to set the product Count Color for Astra Pro mini cart icons."],"_yoast_wpseo_linkdex":["72"],"rank_math_primary_docs_category":["148"],"rank_math_title":["What To Do When Product Count Is Not Visible on Mini Cart?"],"rank_math_description":["Is product count not visible on your WooCommerce or EDD mini cart? Learn how to set the product Count Color for Astra Pro mini cart icons."],"rank_math_focus_keyword":["Product Count Color"],"rank_math_news_sitemap_robots":["index"],"rank_math_robots":["a:1:{i:0;s:5:\"index\";}"],"rank_math_analytic_object_id":["97"],"rank_math_internal_links_processed":["1"],"rank_math_og_content_image":["a:2:{s:5:\"check\";s:32:\"d08f6d63de6cb150f9d2f4f367b5f85f\";s:6:\"images\";a:1:{i:0;i:104655;}}"],"_trp_automatically_translated_slug_es_ES":["producto-recuento-color"]},"uagb_featured_image_src":{"full":false,"thumbnail":false,"medium":false,"medium_large":false,"large":false,"1536x1536":false,"2048x2048":false,"trp-custom-language-flag":false},"uagb_author_info":{"display_name":"Nikola Mihajlovic","author_link":"https:\/\/git-staging.wpastra.com\/es\/author\/nikolam\/"},"uagb_comment_info":0,"uagb_excerpt":"Did you notice that the product count on WooCommerce or EDD mini cart in your Header is not visible? You might need to modify the Product Count Color for your Astra Pro mini cart icons (any but the default). This document will show you how to do it. Why Did This Happen?&nbsp; Astra Pro WooCommerce&hellip;","_links":{"self":[{"href":"https:\/\/git-staging.wpastra.com\/es\/wp-json\/wp\/v2\/docs\/104651"}],"collection":[{"href":"https:\/\/git-staging.wpastra.com\/es\/wp-json\/wp\/v2\/docs"}],"about":[{"href":"https:\/\/git-staging.wpastra.com\/es\/wp-json\/wp\/v2\/types\/docs"}],"author":[{"embeddable":true,"href":"https:\/\/git-staging.wpastra.com\/es\/wp-json\/wp\/v2\/users\/70"}],"replies":[{"embeddable":true,"href":"https:\/\/git-staging.wpastra.com\/es\/wp-json\/wp\/v2\/comments?post=104651"}],"version-history":[{"count":0,"href":"https:\/\/git-staging.wpastra.com\/es\/wp-json\/wp\/v2\/docs\/104651\/revisions"}],"wp:attachment":[{"href":"https:\/\/git-staging.wpastra.com\/es\/wp-json\/wp\/v2\/media?parent=104651"}],"wp:term":[{"taxonomy":"docs_category","embeddable":true,"href":"https:\/\/git-staging.wpastra.com\/es\/wp-json\/wp\/v2\/docs_category?post=104651"},{"taxonomy":"docs_tag","embeddable":true,"href":"https:\/\/git-staging.wpastra.com\/es\/wp-json\/wp\/v2\/docs_tag?post=104651"}],"curies":[{"name":"wp","href":"https:\/\/api.w.org\/{rel}","templated":true}]}}

¿Qué hacer cuando el recuento de productos no es visible en el minicarro con Astra Pro?

<p>¿Ha notado que el recuento de productos en WooCommerce o EDD mini carrito en su cabecera no es visible? Es posible que tenga que modificar el Color del recuento de productos para los iconos de su mini carrito Astra Pro (cualquiera menos el predeterminado). Este documento le mostrará cómo hacerlo.</p>



<h2 class="wp-block-heading">¿Por qué ha ocurrido esto?&nbsp;</h2>



<p>Los módulos Astra Pro WooCommerce y EDD traen la opción de cambiar el icono por defecto del mini carrito. Puede establecer uno de los iconos Astra Pro navegando hasta el elemento Mini Cart Header (pestaña General).</p>



<figure class="wp-block-image size-full"><a href="https://git-staging.wpastra.com/wp-content/uploads/2021/09/ast-pro-3-6-mini-cart.png"><img fetchpriority="high" decoding="async" width="1366" height="786" src="https://git-staging.wpastra.com/wp-content/uploads/2021/09/ast-pro-3-6-mini-cart.png" alt="Mini Cart With Astra Pro" class="wp-image-104655" srcset="https://git-staging.wpastra.com/wp-content/uploads/2021/09/ast-pro-3-6-mini-cart.png 1366w, https://git-staging.wpastra.com/wp-content/uploads/2021/09/ast-pro-3-6-mini-cart-300x173.png 300w, https://git-staging.wpastra.com/wp-content/uploads/2021/09/ast-pro-3-6-mini-cart-1024x589.png 1024w, https://git-staging.wpastra.com/wp-content/uploads/2021/09/ast-pro-3-6-mini-cart-768x442.png 768w" sizes="(max-width: 1366px) 100vw, 1366px" /></a></figure>



<p>Por defecto, el color de la fuente para el número de artículos en el carrito (Product Count) es blanco. Si el color del carro también es blanco, el número de artículos se volverá invisible, aunque el número siga estando ahí (color blanco sobre color blanco).</p>



<figure class="wp-block-image size-full"><a href="https://git-staging.wpastra.com/wp-content/uploads/2021/09/ast-pro-3-6-product-count-not-visible.png"><img decoding="async" width="1366" height="786" src="https://git-staging.wpastra.com/wp-content/uploads/2021/09/ast-pro-3-6-product-count-not-visible.png" alt="Product Count Is Not Visible on Mini Cart" class="wp-image-104654" srcset="https://git-staging.wpastra.com/wp-content/uploads/2021/09/ast-pro-3-6-product-count-not-visible.png 1366w, https://git-staging.wpastra.com/wp-content/uploads/2021/09/ast-pro-3-6-product-count-not-visible-300x173.png 300w, https://git-staging.wpastra.com/wp-content/uploads/2021/09/ast-pro-3-6-product-count-not-visible-1024x589.png 1024w, https://git-staging.wpastra.com/wp-content/uploads/2021/09/ast-pro-3-6-product-count-not-visible-768x442.png 768w" sizes="(max-width: 1366px) 100vw, 1366px" /></a></figure>



<p>Esto se soluciona fácilmente estableciendo el Color de recuento del producto en cualquier color que no sea blanco.</p>



<h2 class="wp-block-heading">¿Cómo definir el color del recuento de productos?</h2>



<p>En este caso, deberá establecer adicionalmente otro color para el número de elementos utilizando la opción "Color de recuento".</p>



<p>El "Color de recuento" está disponible con el Addon Astra Pro desde la versión 3.5.9. Puede configurarlo siguiendo estos pasos:<br><br><strong>Primer paso</strong> - Inicie sesión en su sitio web y asegúrese de que el complemento Astra Pro está activo;</p>



<p><strong>Paso 2</strong> - Vaya a <em>Apariencia &gt; Personalizar &gt; Constructor de cabecera &gt; Carrito &gt; Diseño</em>;</p>



<p><strong>Paso 3</strong> - Cambie el "Color del recuento" a otro color. Haga clic en "Publicar" para guardar los cambios.</p>



<figure class="wp-block-image size-full"><a href="https://git-staging.wpastra.com/wp-content/uploads/2021/09/ast-pro-3-6-count-color-settings.png"><img decoding="async" width="1366" height="786" src="https://git-staging.wpastra.com/wp-content/uploads/2021/09/ast-pro-3-6-count-color-settings.png" alt="Product Count Color" class="wp-image-104653" srcset="https://git-staging.wpastra.com/wp-content/uploads/2021/09/ast-pro-3-6-count-color-settings.png 1366w, https://git-staging.wpastra.com/wp-content/uploads/2021/09/ast-pro-3-6-count-color-settings-300x173.png 300w, https://git-staging.wpastra.com/wp-content/uploads/2021/09/ast-pro-3-6-count-color-settings-1024x589.png 1024w, https://git-staging.wpastra.com/wp-content/uploads/2021/09/ast-pro-3-6-count-color-settings-768x442.png 768w" sizes="(max-width: 1366px) 100vw, 1366px" /></a></figure>

<p>¿Ha notado que el recuento de productos en WooCommerce o EDD mini carrito en su cabecera no es visible? Es posible que tenga que modificar el color del recuento de productos para los iconos de su mini carrito Astra Pro (cualquiera menos el predeterminado). Este documento le mostrará cómo hacerlo. ¿Por qué ocurre esto?  Astra Pro WooCommerce [...]</p>
